{"id":1113,"date":"2025-02-07T13:07:26","date_gmt":"2025-02-07T12:07:26","guid":{"rendered":"https:\/\/www.grupfruiter.com\/?post_type=product&#038;p=1113"},"modified":"2026-01-09T14:46:44","modified_gmt":"2026-01-09T13:46:44","slug":"double-black-vermouth-75cl","status":"publish","type":"product","link":"https:\/\/www.grupfruiter.com\/en\/producte\/vermut-doble-negre-75cl\/","title":{"rendered":"Double Red Vermouth (75cl)"},"content":{"rendered":"","protected":false},"excerpt":{"rendered":"<p><strong>CELLAR<br \/>\n<\/strong>FRUIT GROUP<br \/>\n<strong>PREPARATION<br \/>\n<\/strong>With red wine from a blend of red varieties and with black must mistela we will make the base of the vermouth, we also add the essences of herbs from a special selection.<\/p>\n<hr \/>\n<p><strong>TASTING<br \/>\nEnnis Double Red Vermouth<\/strong>, is designed to make vermouth with body and a little aging. The character of the red wine makes it more concentrated and powerful. There is a pronounced final bitterness and toasted notes from aging.<\/p>","protected":false},"featured_media":1742,"template":"","meta":{"_et_pb_use_builder":"","_et_pb_old_content":"","_et_gb_content_width":""},"product_brand":[],"product_cat":[25,30],"product_tag":[],"class_list":{"0":"post-1113","1":"product","2":"type-product","3":"status-publish","4":"has-post-thumbnail","6":"product_cat-celler","7":"product_cat-vermuts","9":"first","10":"instock","11":"taxable","12":"shipping-taxable","13":"purchasable","14":"product-type-simple"},"yoast_head":"<!-- This site is optimized with the Yoast SEO plugin v27.1.1 - https:\/\/yoast.com\/product\/yoast-seo-wordpress\/ -->\n<title>Vermut Doble Negre (75cl) - Grup Fruiter Benissanet<\/title>\n<meta name=\"robots\" content=\"index, follow, max-snippet:-1, max-image-preview:large, max-video-preview:-1\" \/>\n<link rel=\"canonical\" href=\"https:\/\/www.grupfruiter.com\/en\/product-2\/double-black-vermouth-75cl\/\" \/>\n<meta property=\"og:locale\" content=\"en_GB\" \/>\n<meta property=\"og:type\" content=\"article\" \/>\n<meta property=\"og:title\" content=\"Vermut Doble Negre (75cl) - Grup Fruiter Benissanet\" \/>\n<meta property=\"og:description\" content=\"CELLER GRUP FRUITER ELABORACI\u00d3 Amb vi negre de cupatge de varietats negres i amb mistela de most negre farem la base del vermut, tamb\u00e9 li posem les ess\u00e8ncies d&#039;herbes d&#039;una selecci\u00f3 especial.    TAST Ennis Vermut Doble Negre, est\u00e0 pensat per fer vermut amb cos i una mica de crian\u00e7a. El car\u00e0cter del vi negre el fa m\u00e9s concentrat i potent. Hi ha una amargor final pronunciada i els torrats de la crian\u00e7a.\" \/>\n<meta property=\"og:url\" content=\"https:\/\/www.grupfruiter.com\/en\/product-2\/double-black-vermouth-75cl\/\" \/>\n<meta property=\"og:site_name\" content=\"Grup Fruiter Benissanet\" \/>\n<meta property=\"article:modified_time\" content=\"2026-01-09T13:46:44+00:00\" \/>\n<meta property=\"og:image\" content=\"https:\/\/www.grupfruiter.com\/wp-content\/uploads\/2025\/02\/IMG_20251205_131431-1.jpg\" \/>\n\t<meta property=\"og:image:width\" content=\"1200\" \/>\n\t<meta property=\"og:image:height\" content=\"1200\" \/>\n\t<meta property=\"og:image:type\" content=\"image\/jpeg\" \/>\n<meta name=\"twitter:card\" content=\"summary_large_image\" \/>\n<meta name=\"twitter:label1\" content=\"Estimated reading time\" \/>\n\t<meta name=\"twitter:data1\" content=\"1 minute\" \/>\n<script type=\"application\/ld+json\" class=\"yoast-schema-graph\">{\"@context\":\"https:\/\/schema.org\",\"@graph\":[{\"@type\":\"WebPage\",\"@id\":\"https:\/\/www.grupfruiter.com\/producte\/vermut-doble-negre-75cl\/\",\"url\":\"https:\/\/www.grupfruiter.com\/producte\/vermut-doble-negre-75cl\/\",\"name\":\"Vermut Doble Negre (75cl) - Grup Fruiter Benissanet\",\"isPartOf\":{\"@id\":\"https:\/\/www.grupfruiter.com\/#website\"},\"primaryImageOfPage\":{\"@id\":\"https:\/\/www.grupfruiter.com\/producte\/vermut-doble-negre-75cl\/#primaryimage\"},\"image\":{\"@id\":\"https:\/\/www.grupfruiter.com\/producte\/vermut-doble-negre-75cl\/#primaryimage\"},\"thumbnailUrl\":\"https:\/\/www.grupfruiter.com\/wp-content\/uploads\/2025\/02\/IMG_20251205_131431-1.jpg\",\"datePublished\":\"2025-02-07T12:07:26+00:00\",\"dateModified\":\"2026-01-09T13:46:44+00:00\",\"breadcrumb\":{\"@id\":\"https:\/\/www.grupfruiter.com\/producte\/vermut-doble-negre-75cl\/#breadcrumb\"},\"inLanguage\":\"en-GB\",\"potentialAction\":[{\"@type\":\"ReadAction\",\"target\":[\"https:\/\/www.grupfruiter.com\/producte\/vermut-doble-negre-75cl\/\"]}]},{\"@type\":\"ImageObject\",\"inLanguage\":\"en-GB\",\"@id\":\"https:\/\/www.grupfruiter.com\/producte\/vermut-doble-negre-75cl\/#primaryimage\",\"url\":\"https:\/\/www.grupfruiter.com\/wp-content\/uploads\/2025\/02\/IMG_20251205_131431-1.jpg\",\"contentUrl\":\"https:\/\/www.grupfruiter.com\/wp-content\/uploads\/2025\/02\/IMG_20251205_131431-1.jpg\",\"width\":1200,\"height\":1200,\"caption\":\"Vermut Doble Negre 1L\"},{\"@type\":\"BreadcrumbList\",\"@id\":\"https:\/\/www.grupfruiter.com\/producte\/vermut-doble-negre-75cl\/#breadcrumb\",\"itemListElement\":[{\"@type\":\"ListItem\",\"position\":1,\"name\":\"Inici\",\"item\":\"https:\/\/www.grupfruiter.com\/\"},{\"@type\":\"ListItem\",\"position\":2,\"name\":\"Botiga\",\"item\":\"https:\/\/www.grupfruiter.com\/botiga\/\"},{\"@type\":\"ListItem\",\"position\":3,\"name\":\"Vermut Doble Negre (75cl)\"}]},{\"@type\":\"WebSite\",\"@id\":\"https:\/\/www.grupfruiter.com\/#website\",\"url\":\"https:\/\/www.grupfruiter.com\/\",\"name\":\"Grup Fruiter Benissanet\",\"description\":\"Producci\u00f3 de fruita dol\u00e7a\",\"potentialAction\":[{\"@type\":\"SearchAction\",\"target\":{\"@type\":\"EntryPoint\",\"urlTemplate\":\"https:\/\/www.grupfruiter.com\/?s={search_term_string}\"},\"query-input\":{\"@type\":\"PropertyValueSpecification\",\"valueRequired\":true,\"valueName\":\"search_term_string\"}}],\"inLanguage\":\"en-GB\"}]}<\/script>\n<!-- \/ Yoast SEO plugin. -->","yoast_head_json":{"title":"Double Red Vermouth (75cl) - Grup Fruiter Benissanet","robots":{"index":"index","follow":"follow","max-snippet":"max-snippet:-1","max-image-preview":"max-image-preview:large","max-video-preview":"max-video-preview:-1"},"canonical":"https:\/\/www.grupfruiter.com\/en\/product-2\/double-black-vermouth-75cl\/","og_locale":"en_GB","og_type":"article","og_title":"Vermut Doble Negre (75cl) - Grup Fruiter Benissanet","og_description":"CELLER GRUP FRUITER ELABORACI\u00d3 Amb vi negre de cupatge de varietats negres i amb mistela de most negre farem la base del vermut, tamb\u00e9 li posem les ess\u00e8ncies d'herbes d'una selecci\u00f3 especial.    TAST Ennis Vermut Doble Negre, est\u00e0 pensat per fer vermut amb cos i una mica de crian\u00e7a. El car\u00e0cter del vi negre el fa m\u00e9s concentrat i potent. Hi ha una amargor final pronunciada i els torrats de la crian\u00e7a.","og_url":"https:\/\/www.grupfruiter.com\/en\/product-2\/double-black-vermouth-75cl\/","og_site_name":"Grup Fruiter Benissanet","article_modified_time":"2026-01-09T13:46:44+00:00","og_image":[{"width":1200,"height":1200,"url":"https:\/\/www.grupfruiter.com\/wp-content\/uploads\/2025\/02\/IMG_20251205_131431-1.jpg","type":"image\/jpeg"}],"twitter_card":"summary_large_image","twitter_misc":{"Estimated reading time":"1 minute"},"schema":{"@context":"https:\/\/schema.org","@graph":[{"@type":"WebPage","@id":"https:\/\/www.grupfruiter.com\/producte\/vermut-doble-negre-75cl\/","url":"https:\/\/www.grupfruiter.com\/producte\/vermut-doble-negre-75cl\/","name":"Double Red Vermouth (75cl) - Grup Fruiter Benissanet","isPartOf":{"@id":"https:\/\/www.grupfruiter.com\/#website"},"primaryImageOfPage":{"@id":"https:\/\/www.grupfruiter.com\/producte\/vermut-doble-negre-75cl\/#primaryimage"},"image":{"@id":"https:\/\/www.grupfruiter.com\/producte\/vermut-doble-negre-75cl\/#primaryimage"},"thumbnailUrl":"https:\/\/www.grupfruiter.com\/wp-content\/uploads\/2025\/02\/IMG_20251205_131431-1.jpg","datePublished":"2025-02-07T12:07:26+00:00","dateModified":"2026-01-09T13:46:44+00:00","breadcrumb":{"@id":"https:\/\/www.grupfruiter.com\/producte\/vermut-doble-negre-75cl\/#breadcrumb"},"inLanguage":"en-GB","potentialAction":[{"@type":"ReadAction","target":["https:\/\/www.grupfruiter.com\/producte\/vermut-doble-negre-75cl\/"]}]},{"@type":"ImageObject","inLanguage":"en-GB","@id":"https:\/\/www.grupfruiter.com\/producte\/vermut-doble-negre-75cl\/#primaryimage","url":"https:\/\/www.grupfruiter.com\/wp-content\/uploads\/2025\/02\/IMG_20251205_131431-1.jpg","contentUrl":"https:\/\/www.grupfruiter.com\/wp-content\/uploads\/2025\/02\/IMG_20251205_131431-1.jpg","width":1200,"height":1200,"caption":"Vermut Doble Negre 1L"},{"@type":"BreadcrumbList","@id":"https:\/\/www.grupfruiter.com\/producte\/vermut-doble-negre-75cl\/#breadcrumb","itemListElement":[{"@type":"ListItem","position":1,"name":"Inici","item":"https:\/\/www.grupfruiter.com\/"},{"@type":"ListItem","position":2,"name":"Botiga","item":"https:\/\/www.grupfruiter.com\/botiga\/"},{"@type":"ListItem","position":3,"name":"Vermut Doble Negre (75cl)"}]},{"@type":"WebSite","@id":"https:\/\/www.grupfruiter.com\/#website","url":"https:\/\/www.grupfruiter.com\/","name":"Benissanet Fruit Group","description":"Sweet fruit production","potentialAction":[{"@type":"SearchAction","target":{"@type":"EntryPoint","urlTemplate":"https:\/\/www.grupfruiter.com\/?s={search_term_string}"},"query-input":{"@type":"PropertyValueSpecification","valueRequired":true,"valueName":"search_term_string"}}],"inLanguage":"en-GB"}]}},"_links":{"self":[{"href":"https:\/\/www.grupfruiter.com\/en\/wp-json\/wp\/v2\/product\/1113","targetHints":{"allow":["GET"]}}],"collection":[{"href":"https:\/\/www.grupfruiter.com\/en\/wp-json\/wp\/v2\/product"}],"about":[{"href":"https:\/\/www.grupfruiter.com\/en\/wp-json\/wp\/v2\/types\/product"}],"wp:featuredmedia":[{"embeddable":true,"href":"https:\/\/www.grupfruiter.com\/en\/wp-json\/wp\/v2\/media\/1742"}],"wp:attachment":[{"href":"https:\/\/www.grupfruiter.com\/en\/wp-json\/wp\/v2\/media?parent=1113"}],"wp:term":[{"taxonomy":"product_brand","embeddable":true,"href":"https:\/\/www.grupfruiter.com\/en\/wp-json\/wp\/v2\/product_brand?post=1113"},{"taxonomy":"product_cat","embeddable":true,"href":"https:\/\/www.grupfruiter.com\/en\/wp-json\/wp\/v2\/product_cat?post=1113"},{"taxonomy":"product_tag","embeddable":true,"href":"https:\/\/www.grupfruiter.com\/en\/wp-json\/wp\/v2\/product_tag?post=1113"}],"curies":[{"name":"wp","href":"https:\/\/api.w.org\/{rel}","templated":true}]}}

<!-- This site is optimized with the Yoast SEO plugin v27.1.1 - https://yoast.com/product/yoast-seo-wordpress/ -->
<title>Vermut Doble Negre (75cl) - Grup Fruiter Benissanet</title>
<meta name="robots" content="index, follow, max-snippet:-1, max-image-preview:large, max-video-preview:-1" />
<link rel="canonical" href="https://www.grupfruiter.com/en/product-2/double-black-vermouth-75cl/" />
<meta property="og:locale" content="en_GB" />
<meta property="og:type" content="article" />
<meta property="og:title" content="Vermut Doble Negre (75cl) - Grup Fruiter Benissanet" />
<meta property="og:description" content="CELLER GRUP FRUITER ELABORACIÓ Amb vi negre de cupatge de varietats negres i amb mistela de most negre farem la base del vermut, també li posem les essències d&#039;herbes d&#039;una selecció especial.    TAST Ennis Vermut Doble Negre, està pensat per fer vermut amb cos i una mica de criança. El caràcter del vi negre el fa més concentrat i potent. Hi ha una amargor final pronunciada i els torrats de la criança." />
<meta property="og:url" content="https://www.grupfruiter.com/en/product-2/double-black-vermouth-75cl/" />
<meta property="og:site_name" content="Grup Fruiter Benissanet" />
<meta property="article:modified_time" content="2026-01-09T13:46:44+00:00" />
<meta property="og:image" content="https://www.grupfruiter.com/wp-content/uploads/2025/02/IMG_20251205_131431-1.jpg" />
	<meta property="og:image:width" content="1200" />
	<meta property="og:image:height" content="1200" />
	<meta property="og:image:type" content="image/jpeg" />
<meta name="twitter:card" content="summary_large_image" />
<meta name="twitter:label1" content="Estimated reading time" />
	<meta name="twitter:data1" content="1 minute" />
<script type="application/ld+json" class="yoast-schema-graph">{"@context":"https://schema.org","@graph":[{"@type":"WebPage","@id":"https://www.grupfruiter.com/producte/vermut-doble-negre-75cl/","url":"https://www.grupfruiter.com/producte/vermut-doble-negre-75cl/","name":"Vermut Doble Negre (75cl) - Grup Fruiter Benissanet","isPartOf":{"@id":"https://www.grupfruiter.com/#website"},"primaryImageOfPage":{"@id":"https://www.grupfruiter.com/producte/vermut-doble-negre-75cl/#primaryimage"},"image":{"@id":"https://www.grupfruiter.com/producte/vermut-doble-negre-75cl/#primaryimage"},"thumbnailUrl":"https://www.grupfruiter.com/wp-content/uploads/2025/02/IMG_20251205_131431-1.jpg","datePublished":"2025-02-07T12:07:26+00:00","dateModified":"2026-01-09T13:46:44+00:00","breadcrumb":{"@id":"https://www.grupfruiter.com/producte/vermut-doble-negre-75cl/#breadcrumb"},"inLanguage":"en-GB","potentialAction":[{"@type":"ReadAction","target":["https://www.grupfruiter.com/producte/vermut-doble-negre-75cl/"]}]},{"@type":"ImageObject","inLanguage":"en-GB","@id":"https://www.grupfruiter.com/producte/vermut-doble-negre-75cl/#primaryimage","url":"https://www.grupfruiter.com/wp-content/uploads/2025/02/IMG_20251205_131431-1.jpg","contentUrl":"https://www.grupfruiter.com/wp-content/uploads/2025/02/IMG_20251205_131431-1.jpg","width":1200,"height":1200,"caption":"Vermut Doble Negre 1L"},{"@type":"BreadcrumbList","@id":"https://www.grupfruiter.com/producte/vermut-doble-negre-75cl/#breadcrumb","itemListElement":[{"@type":"ListItem","position":1,"name":"Inici","item":"https://www.grupfruiter.com/"},{"@type":"ListItem","position":2,"name":"Botiga","item":"https://www.grupfruiter.com/botiga/"},{"@type":"ListItem","position":3,"name":"Vermut Doble Negre (75cl)"}]},{"@type":"WebSite","@id":"https://www.grupfruiter.com/#website","url":"https://www.grupfruiter.com/","name":"Grup Fruiter Benissanet","description":"Producció de fruita dolça","potentialAction":[{"@type":"SearchAction","target":{"@type":"EntryPoint","urlTemplate":"https://www.grupfruiter.com/?s={search_term_string}"},"query-input":{"@type":"PropertyValueSpecification","valueRequired":true,"valueName":"search_term_string"}}],"inLanguage":"en-GB"}]}</script>
<!-- / Yoast SEO plugin. -->

CELLER GRUP FRUITER ELABORACIÓ Amb vi negre de cupatge de varietats negres i amb mistela de most negre farem la base del vermut, també li posem les essències d'herbes d'una selecció especial.    TAST Ennis Vermut Doble Negre, està pensat per fer vermut amb cos i una mica de criança. El caràcter del vi negre el fa més concentrat i potent. Hi ha una amargor final pronunciada i els torrats de la criança.
