{"id":1504,"date":"2025-11-07T07:25:44","date_gmt":"2025-11-07T06:25:44","guid":{"rendered":"https:\/\/www.grupfruiter.com\/?post_type=product&#038;p=1504"},"modified":"2026-03-09T12:25:22","modified_gmt":"2026-03-09T11:25:22","slug":"2l-oil-bottle","status":"publish","type":"product","link":"https:\/\/www.grupfruiter.com\/en\/producte\/botella-oli-de-2l\/","title":{"rendered":"2L oil (plastic bottle)"},"content":{"rendered":"","protected":false},"excerpt":{"rendered":"<p>It is a mixture of oils obtained from century-old olive trees in the Ribera d&#039;Ebre; Farga, Com\u00fa and Reguers, and which are currently still found in many of our farms, guarding the banks and shaping part of the image of our region.<br \/>\nWorked throughout the year with environmentally friendly techniques, they are harvested from the tree at their optimum point of maturity to preserve the characteristics of each variety and ground on the same day to obtain a mixture of oils that escapes the majority of market trends.<\/p>\n<p><strong>MILL<br \/>\n<\/strong>FRUIT GROUP<br \/>\n<strong>PRODUCED AND PACKAGED<br \/>\n<\/strong>Alm\u00e0ssera Grup Fruiter, Ctra de Mora s\/n 43747, Benissanet. Product of the EU.<br \/>\n<strong>VARIETY<br \/>\n<\/strong>Forge, Common and Reguers.<br \/>\n<strong>PREPARATION<br \/>\n<\/strong>Superior quality olive oil obtained directly from olives through mechanical procedures.<br \/>\nCoupetge 1969 is an oil linked to the territory, which helps to preserve the native varieties of the region and keep the producing families linked to the land. The products of the Benissanet Fruit Group are produced cooperatively, distributing the profits among the producers, establishing a fair trade environment and avoiding rural depopulation. Enjoy an authentic and different oil made with love and pride on the banks of the Ebro!!!<\/p>","protected":false},"featured_media":1726,"template":"","meta":{"_et_pb_use_builder":"","_et_pb_old_content":"","_et_gb_content_width":""},"product_brand":[],"product_cat":[35,28],"product_tag":[],"class_list":{"0":"post-1504","1":"product","2":"type-product","3":"status-publish","4":"has-post-thumbnail","6":"product_cat-cupatge","7":"product_cat-olis","9":"first","10":"instock","11":"taxable","12":"shipping-taxable","13":"purchasable","14":"product-type-simple"},"yoast_head":"<!-- This site is optimized with the Yoast SEO plugin v27.1.1 - https:\/\/yoast.com\/product\/yoast-seo-wordpress\/ -->\n<title>Oli de 2L (botella de pl\u00e0stic) - Grup Fruiter Benissanet<\/title>\n<meta name=\"robots\" content=\"index, follow, max-snippet:-1, max-image-preview:large, max-video-preview:-1\" \/>\n<link rel=\"canonical\" href=\"https:\/\/www.grupfruiter.com\/en\/product-2\/2l-oil-bottle\/\" \/>\n<meta property=\"og:locale\" content=\"en_GB\" \/>\n<meta property=\"og:type\" content=\"article\" \/>\n<meta property=\"og:title\" content=\"Oli de 2L (botella de pl\u00e0stic) - Grup Fruiter Benissanet\" \/>\n<meta property=\"og:description\" content=\"\u00c9s una mescla dels olis obtinguts d&#039;oliveres centen\u00e0ries de la Ribera d&#039;Ebre; Farga, Com\u00fa i Reguers, i que actualment encara es troben en moltes de les nostres finques guardant els marges i configurant part de la imatge de la nostra comarca. Treballades durant tot l&#039;any amb t\u00e8cniques, respectuoses amb el medi ambient, s\u00f3n collides de l&#039;arbre en el seu punt \u00f2ptim de maduraci\u00f3 per preservar les caracter\u00edstiques de cadascuna de les varietats i molturades el mateix dia per obtenir una mescla d&#039;olis que escapa als corrents majoritaris del mercat.  MOL\u00cd GRUP FRUITER PRODU\u00cfT I ENVASAT Alm\u00e0ssera Grup Fruiter, Ctra de Mora s\/n 43747, Benissanet. Producte de la UE. VARIETAT Farga, Com\u00fa i Reguers. ELABORACI\u00d3 Oli d&#039;oliva de qualitat superior obtingut directament de les olives mitjan\u00e7ant procediments mec\u00e0nics. Cupatge 1969 \u00e9s un oli lligat al territori, que ajuda a preservar les varietats aut\u00f2ctones de la comarca i mantenir i les fam\u00edlies productores lligades a la terra. Els productes del Grup Fruiter de Benissanet s\u00f3n elaborats de forma cooperativa, repartint els beneficis entre els productors, establint un entorn de comer\u00e7 just i evitant el despoblament rural. Gaudiu d&#039;un oli aut\u00e8ntic i diferent fet amb amor i orgull a la vora de l&#039;Ebre!!!\" \/>\n<meta property=\"og:url\" content=\"https:\/\/www.grupfruiter.com\/en\/product-2\/2l-oil-bottle\/\" \/>\n<meta property=\"og:site_name\" content=\"Grup Fruiter Benissanet\" \/>\n<meta property=\"article:modified_time\" content=\"2026-03-09T11:25:22+00:00\" \/>\n<meta property=\"og:image\" content=\"https:\/\/www.grupfruiter.com\/wp-content\/uploads\/2025\/11\/IMG_20251205_130646.jpg\" \/>\n\t<meta property=\"og:image:width\" content=\"1200\" \/>\n\t<meta property=\"og:image:height\" content=\"1200\" \/>\n\t<meta property=\"og:image:type\" content=\"image\/jpeg\" \/>\n<meta name=\"twitter:card\" content=\"summary_large_image\" \/>\n<meta name=\"twitter:label1\" content=\"Estimated reading time\" \/>\n\t<meta name=\"twitter:data1\" content=\"1 minute\" \/>\n<script type=\"application\/ld+json\" class=\"yoast-schema-graph\">{\"@context\":\"https:\/\/schema.org\",\"@graph\":[{\"@type\":\"WebPage\",\"@id\":\"https:\/\/www.grupfruiter.com\/producte\/botella-oli-de-2l\/\",\"url\":\"https:\/\/www.grupfruiter.com\/producte\/botella-oli-de-2l\/\",\"name\":\"Oli de 2L (botella de pl\u00e0stic) - Grup Fruiter Benissanet\",\"isPartOf\":{\"@id\":\"https:\/\/www.grupfruiter.com\/#website\"},\"primaryImageOfPage\":{\"@id\":\"https:\/\/www.grupfruiter.com\/producte\/botella-oli-de-2l\/#primaryimage\"},\"image\":{\"@id\":\"https:\/\/www.grupfruiter.com\/producte\/botella-oli-de-2l\/#primaryimage\"},\"thumbnailUrl\":\"https:\/\/www.grupfruiter.com\/wp-content\/uploads\/2025\/11\/IMG_20251205_130646.jpg\",\"datePublished\":\"2025-11-07T06:25:44+00:00\",\"dateModified\":\"2026-03-09T11:25:22+00:00\",\"breadcrumb\":{\"@id\":\"https:\/\/www.grupfruiter.com\/producte\/botella-oli-de-2l\/#breadcrumb\"},\"inLanguage\":\"en-GB\",\"potentialAction\":[{\"@type\":\"ReadAction\",\"target\":[\"https:\/\/www.grupfruiter.com\/producte\/botella-oli-de-2l\/\"]}]},{\"@type\":\"ImageObject\",\"inLanguage\":\"en-GB\",\"@id\":\"https:\/\/www.grupfruiter.com\/producte\/botella-oli-de-2l\/#primaryimage\",\"url\":\"https:\/\/www.grupfruiter.com\/wp-content\/uploads\/2025\/11\/IMG_20251205_130646.jpg\",\"contentUrl\":\"https:\/\/www.grupfruiter.com\/wp-content\/uploads\/2025\/11\/IMG_20251205_130646.jpg\",\"width\":1200,\"height\":1200,\"caption\":\"Fotografia de l'oli com\u00fa 2 L.\"},{\"@type\":\"BreadcrumbList\",\"@id\":\"https:\/\/www.grupfruiter.com\/producte\/botella-oli-de-2l\/#breadcrumb\",\"itemListElement\":[{\"@type\":\"ListItem\",\"position\":1,\"name\":\"Inici\",\"item\":\"https:\/\/www.grupfruiter.com\/\"},{\"@type\":\"ListItem\",\"position\":2,\"name\":\"Botiga\",\"item\":\"https:\/\/www.grupfruiter.com\/botiga\/\"},{\"@type\":\"ListItem\",\"position\":3,\"name\":\"Oli de 2L (botella de pl\u00e0stic)\"}]},{\"@type\":\"WebSite\",\"@id\":\"https:\/\/www.grupfruiter.com\/#website\",\"url\":\"https:\/\/www.grupfruiter.com\/\",\"name\":\"Grup Fruiter Benissanet\",\"description\":\"Producci\u00f3 de fruita dol\u00e7a\",\"potentialAction\":[{\"@type\":\"SearchAction\",\"target\":{\"@type\":\"EntryPoint\",\"urlTemplate\":\"https:\/\/www.grupfruiter.com\/?s={search_term_string}\"},\"query-input\":{\"@type\":\"PropertyValueSpecification\",\"valueRequired\":true,\"valueName\":\"search_term_string\"}}],\"inLanguage\":\"en-GB\"}]}<\/script>\n<!-- \/ Yoast SEO plugin. -->","yoast_head_json":{"title":"2L oil (plastic bottle) - Grup Fruiter Benissanet","robots":{"index":"index","follow":"follow","max-snippet":"max-snippet:-1","max-image-preview":"max-image-preview:large","max-video-preview":"max-video-preview:-1"},"canonical":"https:\/\/www.grupfruiter.com\/en\/product-2\/2l-oil-bottle\/","og_locale":"en_GB","og_type":"article","og_title":"Oli de 2L (botella de pl\u00e0stic) - Grup Fruiter Benissanet","og_description":"\u00c9s una mescla dels olis obtinguts d'oliveres centen\u00e0ries de la Ribera d'Ebre; Farga, Com\u00fa i Reguers, i que actualment encara es troben en moltes de les nostres finques guardant els marges i configurant part de la imatge de la nostra comarca. Treballades durant tot l'any amb t\u00e8cniques, respectuoses amb el medi ambient, s\u00f3n collides de l'arbre en el seu punt \u00f2ptim de maduraci\u00f3 per preservar les caracter\u00edstiques de cadascuna de les varietats i molturades el mateix dia per obtenir una mescla d'olis que escapa als corrents majoritaris del mercat.  MOL\u00cd GRUP FRUITER PRODU\u00cfT I ENVASAT Alm\u00e0ssera Grup Fruiter, Ctra de Mora s\/n 43747, Benissanet. Producte de la UE. VARIETAT Farga, Com\u00fa i Reguers. ELABORACI\u00d3 Oli d'oliva de qualitat superior obtingut directament de les olives mitjan\u00e7ant procediments mec\u00e0nics. Cupatge 1969 \u00e9s un oli lligat al territori, que ajuda a preservar les varietats aut\u00f2ctones de la comarca i mantenir i les fam\u00edlies productores lligades a la terra. Els productes del Grup Fruiter de Benissanet s\u00f3n elaborats de forma cooperativa, repartint els beneficis entre els productors, establint un entorn de comer\u00e7 just i evitant el despoblament rural. Gaudiu d'un oli aut\u00e8ntic i diferent fet amb amor i orgull a la vora de l'Ebre!!!","og_url":"https:\/\/www.grupfruiter.com\/en\/product-2\/2l-oil-bottle\/","og_site_name":"Grup Fruiter Benissanet","article_modified_time":"2026-03-09T11:25:22+00:00","og_image":[{"width":1200,"height":1200,"url":"https:\/\/www.grupfruiter.com\/wp-content\/uploads\/2025\/11\/IMG_20251205_130646.jpg","type":"image\/jpeg"}],"twitter_card":"summary_large_image","twitter_misc":{"Estimated reading time":"1 minute"},"schema":{"@context":"https:\/\/schema.org","@graph":[{"@type":"WebPage","@id":"https:\/\/www.grupfruiter.com\/producte\/botella-oli-de-2l\/","url":"https:\/\/www.grupfruiter.com\/producte\/botella-oli-de-2l\/","name":"2L oil (plastic bottle) - Grup Fruiter Benissanet","isPartOf":{"@id":"https:\/\/www.grupfruiter.com\/#website"},"primaryImageOfPage":{"@id":"https:\/\/www.grupfruiter.com\/producte\/botella-oli-de-2l\/#primaryimage"},"image":{"@id":"https:\/\/www.grupfruiter.com\/producte\/botella-oli-de-2l\/#primaryimage"},"thumbnailUrl":"https:\/\/www.grupfruiter.com\/wp-content\/uploads\/2025\/11\/IMG_20251205_130646.jpg","datePublished":"2025-11-07T06:25:44+00:00","dateModified":"2026-03-09T11:25:22+00:00","breadcrumb":{"@id":"https:\/\/www.grupfruiter.com\/producte\/botella-oli-de-2l\/#breadcrumb"},"inLanguage":"en-GB","potentialAction":[{"@type":"ReadAction","target":["https:\/\/www.grupfruiter.com\/producte\/botella-oli-de-2l\/"]}]},{"@type":"ImageObject","inLanguage":"en-GB","@id":"https:\/\/www.grupfruiter.com\/producte\/botella-oli-de-2l\/#primaryimage","url":"https:\/\/www.grupfruiter.com\/wp-content\/uploads\/2025\/11\/IMG_20251205_130646.jpg","contentUrl":"https:\/\/www.grupfruiter.com\/wp-content\/uploads\/2025\/11\/IMG_20251205_130646.jpg","width":1200,"height":1200,"caption":"Fotografia de l'oli com\u00fa 2 L."},{"@type":"BreadcrumbList","@id":"https:\/\/www.grupfruiter.com\/producte\/botella-oli-de-2l\/#breadcrumb","itemListElement":[{"@type":"ListItem","position":1,"name":"Inici","item":"https:\/\/www.grupfruiter.com\/"},{"@type":"ListItem","position":2,"name":"Botiga","item":"https:\/\/www.grupfruiter.com\/botiga\/"},{"@type":"ListItem","position":3,"name":"Oli de 2L (botella de pl\u00e0stic)"}]},{"@type":"WebSite","@id":"https:\/\/www.grupfruiter.com\/#website","url":"https:\/\/www.grupfruiter.com\/","name":"Benissanet Fruit Group","description":"Sweet fruit production","potentialAction":[{"@type":"SearchAction","target":{"@type":"EntryPoint","urlTemplate":"https:\/\/www.grupfruiter.com\/?s={search_term_string}"},"query-input":{"@type":"PropertyValueSpecification","valueRequired":true,"valueName":"search_term_string"}}],"inLanguage":"en-GB"}]}},"_links":{"self":[{"href":"https:\/\/www.grupfruiter.com\/en\/wp-json\/wp\/v2\/product\/1504","targetHints":{"allow":["GET"]}}],"collection":[{"href":"https:\/\/www.grupfruiter.com\/en\/wp-json\/wp\/v2\/product"}],"about":[{"href":"https:\/\/www.grupfruiter.com\/en\/wp-json\/wp\/v2\/types\/product"}],"wp:featuredmedia":[{"embeddable":true,"href":"https:\/\/www.grupfruiter.com\/en\/wp-json\/wp\/v2\/media\/1726"}],"wp:attachment":[{"href":"https:\/\/www.grupfruiter.com\/en\/wp-json\/wp\/v2\/media?parent=1504"}],"wp:term":[{"taxonomy":"product_brand","embeddable":true,"href":"https:\/\/www.grupfruiter.com\/en\/wp-json\/wp\/v2\/product_brand?post=1504"},{"taxonomy":"product_cat","embeddable":true,"href":"https:\/\/www.grupfruiter.com\/en\/wp-json\/wp\/v2\/product_cat?post=1504"},{"taxonomy":"product_tag","embeddable":true,"href":"https:\/\/www.grupfruiter.com\/en\/wp-json\/wp\/v2\/product_tag?post=1504"}],"curies":[{"name":"wp","href":"https:\/\/api.w.org\/{rel}","templated":true}]}}

<p>It is a mixture of oils obtained from century-old olive trees in the Ribera d&#039;Ebre; Farga, Comú and Reguers, and which are currently still found in many of our farms, guarding the banks and shaping part of the image of our region.<br />
Worked throughout the year with environmentally friendly techniques, they are harvested from the tree at their optimum point of maturity to preserve the characteristics of each variety and ground on the same day to obtain a mixture of oils that escapes the majority of market trends.</p>
<p><strong>MILL<br />
</strong>FRUIT GROUP<br />
<strong>PRODUCED AND PACKAGED<br />
</strong>Almàssera Grup Fruiter, Ctra de Mora s/n 43747, Benissanet. Product of the EU.<br />
<strong>VARIETY<br />
</strong>Forge, Common and Reguers.<br />
<strong>PREPARATION<br />
</strong>Superior quality olive oil obtained directly from olives through mechanical procedures.<br />
Coupetge 1969 is an oil linked to the territory, which helps to preserve the native varieties of the region and keep the producing families linked to the land. The products of the Benissanet Fruit Group are produced cooperatively, distributing the profits among the producers, establishing a fair trade environment and avoiding rural depopulation. Enjoy an authentic and different oil made with love and pride on the banks of the Ebro!!!</p>

<!-- This site is optimized with the Yoast SEO plugin v27.1.1 - https://yoast.com/product/yoast-seo-wordpress/ -->
<title>Oli de 2L (botella de plàstic) - Grup Fruiter Benissanet</title>
<meta name="robots" content="index, follow, max-snippet:-1, max-image-preview:large, max-video-preview:-1" />
<link rel="canonical" href="https://www.grupfruiter.com/en/product-2/2l-oil-bottle/" />
<meta property="og:locale" content="en_GB" />
<meta property="og:type" content="article" />
<meta property="og:title" content="Oli de 2L (botella de plàstic) - Grup Fruiter Benissanet" />
<meta property="og:description" content="És una mescla dels olis obtinguts d&#039;oliveres centenàries de la Ribera d&#039;Ebre; Farga, Comú i Reguers, i que actualment encara es troben en moltes de les nostres finques guardant els marges i configurant part de la imatge de la nostra comarca. Treballades durant tot l&#039;any amb tècniques, respectuoses amb el medi ambient, són collides de l&#039;arbre en el seu punt òptim de maduració per preservar les característiques de cadascuna de les varietats i molturades el mateix dia per obtenir una mescla d&#039;olis que escapa als corrents majoritaris del mercat.  MOLÍ GRUP FRUITER PRODUÏT I ENVASAT Almàssera Grup Fruiter, Ctra de Mora s/n 43747, Benissanet. Producte de la UE. VARIETAT Farga, Comú i Reguers. ELABORACIÓ Oli d&#039;oliva de qualitat superior obtingut directament de les olives mitjançant procediments mecànics. Cupatge 1969 és un oli lligat al territori, que ajuda a preservar les varietats autòctones de la comarca i mantenir i les famílies productores lligades a la terra. Els productes del Grup Fruiter de Benissanet són elaborats de forma cooperativa, repartint els beneficis entre els productors, establint un entorn de comerç just i evitant el despoblament rural. Gaudiu d&#039;un oli autèntic i diferent fet amb amor i orgull a la vora de l&#039;Ebre!!!" />
<meta property="og:url" content="https://www.grupfruiter.com/en/product-2/2l-oil-bottle/" />
<meta property="og:site_name" content="Grup Fruiter Benissanet" />
<meta property="article:modified_time" content="2026-03-09T11:25:22+00:00" />
<meta property="og:image" content="https://www.grupfruiter.com/wp-content/uploads/2025/11/IMG_20251205_130646.jpg" />
	<meta property="og:image:width" content="1200" />
	<meta property="og:image:height" content="1200" />
	<meta property="og:image:type" content="image/jpeg" />
<meta name="twitter:card" content="summary_large_image" />
<meta name="twitter:label1" content="Estimated reading time" />
	<meta name="twitter:data1" content="1 minute" />
<script type="application/ld+json" class="yoast-schema-graph">{"@context":"https://schema.org","@graph":[{"@type":"WebPage","@id":"https://www.grupfruiter.com/producte/botella-oli-de-2l/","url":"https://www.grupfruiter.com/producte/botella-oli-de-2l/","name":"Oli de 2L (botella de plàstic) - Grup Fruiter Benissanet","isPartOf":{"@id":"https://www.grupfruiter.com/#website"},"primaryImageOfPage":{"@id":"https://www.grupfruiter.com/producte/botella-oli-de-2l/#primaryimage"},"image":{"@id":"https://www.grupfruiter.com/producte/botella-oli-de-2l/#primaryimage"},"thumbnailUrl":"https://www.grupfruiter.com/wp-content/uploads/2025/11/IMG_20251205_130646.jpg","datePublished":"2025-11-07T06:25:44+00:00","dateModified":"2026-03-09T11:25:22+00:00","breadcrumb":{"@id":"https://www.grupfruiter.com/producte/botella-oli-de-2l/#breadcrumb"},"inLanguage":"en-GB","potentialAction":[{"@type":"ReadAction","target":["https://www.grupfruiter.com/producte/botella-oli-de-2l/"]}]},{"@type":"ImageObject","inLanguage":"en-GB","@id":"https://www.grupfruiter.com/producte/botella-oli-de-2l/#primaryimage","url":"https://www.grupfruiter.com/wp-content/uploads/2025/11/IMG_20251205_130646.jpg","contentUrl":"https://www.grupfruiter.com/wp-content/uploads/2025/11/IMG_20251205_130646.jpg","width":1200,"height":1200,"caption":"Fotografia de l'oli comú 2 L."},{"@type":"BreadcrumbList","@id":"https://www.grupfruiter.com/producte/botella-oli-de-2l/#breadcrumb","itemListElement":[{"@type":"ListItem","position":1,"name":"Inici","item":"https://www.grupfruiter.com/"},{"@type":"ListItem","position":2,"name":"Botiga","item":"https://www.grupfruiter.com/botiga/"},{"@type":"ListItem","position":3,"name":"Oli de 2L (botella de plàstic)"}]},{"@type":"WebSite","@id":"https://www.grupfruiter.com/#website","url":"https://www.grupfruiter.com/","name":"Grup Fruiter Benissanet","description":"Producció de fruita dolça","potentialAction":[{"@type":"SearchAction","target":{"@type":"EntryPoint","urlTemplate":"https://www.grupfruiter.com/?s={search_term_string}"},"query-input":{"@type":"PropertyValueSpecification","valueRequired":true,"valueName":"search_term_string"}}],"inLanguage":"en-GB"}]}</script>
<!-- / Yoast SEO plugin. -->

Oli de 2L (botella de plàstic) - Grup Fruiter Benissanet

És una mescla dels olis obtinguts d'oliveres centenàries de la Ribera d'Ebre; Farga, Comú i Reguers, i que actualment encara es troben en moltes de les nostres finques guardant els marges i configurant part de la imatge de la nostra comarca. Treballades durant tot l'any amb tècniques, respectuoses amb el medi ambient, són collides de l'arbre en el seu punt òptim de maduració per preservar les característiques de cadascuna de les varietats i molturades el mateix dia per obtenir una mescla d'olis que escapa als corrents majoritaris del mercat.  MOLÍ GRUP FRUITER PRODUÏT I ENVASAT Almàssera Grup Fruiter, Ctra de Mora s/n 43747, Benissanet. Producte de la UE. VARIETAT Farga, Comú i Reguers. ELABORACIÓ Oli d'oliva de qualitat superior obtingut directament de les olives mitjançant procediments mecànics. Cupatge 1969 és un oli lligat al territori, que ajuda a preservar les varietats autòctones de la comarca i mantenir i les famílies productores lligades a la terra. Els productes del Grup Fruiter de Benissanet són elaborats de forma cooperativa, repartint els beneficis entre els productors, establint un entorn de comerç just i evitant el despoblament rural. Gaudiu d'un oli autèntic i diferent fet amb amor i orgull a la vora de l'Ebre!!!

Fotografia de l'oli comú 2 L.

Oli de 2L (botella de plàstic)
